 factors of 1310495.
5, 349, 751
What are the prime factors of 14930254?
2, 7465127
What are the prime factors of 1371555?
3, 5, 29, 1051
List the prime factors of 897601.
897601
List the prime factors of 103265.
5, 19, 1087
What are the prime factors of 1036531?
1036531
List the prime factors of 163513.
7, 47, 71
List the prime factors of 412711.
13, 53, 599
What are the prime factors of 14889?
3, 7, 709
What are the prime factors of 9057073?
17, 227, 2347
What are the prime factors of 886045?
5, 177209
List the prime factors of 2166598.
2, 7, 43, 59, 61
What are the prime factors of 388797?
3, 19, 359
What are the prime factors of 3748193?
3748193
What are the prime factors of 525119?
7, 75017
What are the prime factors of 7541982?
2, 3, 7, 17, 503
What are the prime factors of 22609?
23, 983
What are the prime factors of 2149157?
17, 126421
List the prime factors of 6345940.
2, 5, 43, 47, 157
What are the prime factors of 134120?
2, 5, 7, 479
List the prime factors of 97273.
11, 37, 239
What are the prime factors of 1355562?
2, 3, 13, 1931
List the prime factors of 27792874.
2, 13896437
List the prime factors of 327766.
2, 163883
What are the prime factors of 13191111?
3, 19, 77141
List the prime factors of 1301112.
2, 3, 17, 1063
List the prime factors of 3834275.
5, 153371
List the prime factors of 20157317.
20157317
What are the prime factors of 108577?
7, 15511
List the prime factors of 875217.
3, 7, 71, 587
List the prime factors of 1360665.
3, 5, 10079
List the prime factors of 12755101.
113, 112877
List the prime factors of 514010.
2, 5, 7, 1049
What are the prime factors of 14913304?
2, 7, 79, 3371
What are the prime factors of 2266951?
47, 139, 347
What are the prime factors of 8274212?
2, 2068553
List the prime factors of 162798.
2, 3, 43, 631
What are the prime factors of 604210?
2, 5, 23, 37, 71
What are the prime factors of 23266?
2, 11633
What are the prime factors of 129427?
29, 4463
What are the prime factors of 146427?
3, 48809
What are the prime factors of 177441?
3, 11, 19, 283
What are the prime factors of 212077?
29, 71, 103
List the prime factors of 786527.
7, 112361
What are the prime factors of 1365688?
2, 170711
List the prime factors of 1458118.
2, 729059
List the prime factors of 873503.
79, 11057
List the prime factors of 401009.
7, 57287
List the prime factors of 1996710.
2, 3, 5, 19, 31, 113
What are the prime factors of 11336840?
2, 5, 139, 2039
What are the prime factors of 2921723?
7, 59627
What are the prime factors of 738793?
11, 47, 1429
List the prime factors of 128511.
3, 109, 131
What are the prime factors of 167593?
167593
What are the prime factors of 4064619?
3, 13, 8017
List the prime factors of 15652375.
5, 125219
List the prime factors of 1111527.
3, 123503
List the prime factors of 11814092.
2, 2953523
What are the prime factors of 998383?
29, 173, 199
List the prime factors of 371437.
11, 33767
What are the prime factors of 2750789?
2750789
List the prime factors of 40669.
67, 607
List the prime factors of 2485980.
2, 3, 5, 7, 1973
List the prime factors of 5451537.
3, 7, 13, 19, 1051
List the prime factors of 850093.
850093
List the prime factors of 14035137.
3, 1499, 3121
What are the prime factors of 2173391?
11, 19, 10399
What are the prime factors of 202040?
2, 5, 5051
What are the prime factors of 2473059?
3, 19, 43, 1009
What are the prime factors of 516294?
2, 3, 3187
List the prime factors of 377802.
2, 3, 139, 151
List the prime factors of 313694.
2, 67, 2341
List the prime factors of 3489029.
17, 205237
What are the prime factors of 190345?
5, 38069
List the prime factors of 123338.
2, 83, 743
What are the prime factors of 3368215?
5, 673643
List the prime factors of 12895026.
2, 3, 2149171
What are the prime factors of 731079?
3, 27077
What are the prime factors of 20872354?
2, 53, 223, 883
What are the prime factors of 290151?
3, 103, 313
What are the prime factors of 13780074?
2, 3, 7, 11, 4261
List the prime factors of 6233.
23, 271
What are the prime factors of 878175?
3, 5, 1301
List the prime factors of 1868875.
5, 14951
What are the prime factors of 21850498?
2, 37, 295277
List the prime factors of 17101.
7, 349
What are the prime factors of 2560434?
2, 3, 426739
List the prime factors of 429166.
2, 59, 3637
What are the prime factors of 13488277?
11, 29, 42283
List the prime factors of 3778616.
2, 283, 1669
What are the prime factors of 5036701?
23, 218987
List the prime factors of 19964.
2, 7, 23, 31
List the prime factors of 143947.
143947
List the prime factors of 1627518.
2, 3, 271253
What are the prime factors of 2318497?
641, 3617
List the prime factors of 247099.
247099
List the prime factors of 6139623.
3, 7, 292363
List the prime factors of 834410.
2, 5, 181, 461
List the prime factors of 12167366.
2, 43, 141481
List the prime factors of 727025.
5, 13, 2237
List the prime factors of 5983338.
2, 3, 29, 137, 251
What are the prime factors of 1297913?
23, 56431
List the prime factors of 587414.
2, 139, 2113
What are the prime factors of 88909?
67, 1327
List the prime factors of 360686.
2, 23, 7841
What are the prime factors of 902213?
13, 69401
List the prime factors of 4112775.
3, 5, 677
List the prime factors of 1665207.
3, 53, 3491
What are the prime factors of 203100?
2, 3, 5, 677
What are the prime factors of 148057?
7, 13, 1627
List the prime factors of 5644521.
3, 627169
What are the prime factors of 626585?
5, 113, 1109
List the prime factors of 3914415.
3, 5, 37, 2351
What are the prime factors of 1677466?
2, 7, 17117
What are the prime factors of 2663342?
2, 11, 121061
List the prime factors of 424718.
2, 7, 23, 1319
What are the prime factors of 131621?
7, 18803
What are the prime factors of 2163311?
23, 94057
List the prime factors of 21915.
3, 5, 487
List the prime factors of 241182.
2, 3, 13399
List the prime factors of 1837268.
2, 459317
List the prime factors of 534430.
2, 5, 13, 4111
What are the prime factors of 8217261?
3, 13, 41, 571
List the prime factors of 1086703.
1086703
What are the prime factors of 7189020?
2, 3, 5, 13313
What are the prime factors of 2433150?
2, 3, 5, 5407
List the prime factors of 4819649.
983, 4903
What are the prime factors of 27017349?
3, 9005783
List the prime factors of 502792.
2, 17, 3697
List the prime factors of 3402273.
3, 7, 19, 8527
List the prime factors of 889061.
197, 4513
List the prime factors of 1385464.
2, 173183
List the prime factors of 224692.
2, 13, 29, 149
List the prime factors of 716035.
5, 71, 2017
List the prime factors of 125712.
2, 3, 97
What are the prime factors of 25819?
25819
What are the prime factors of 2286094?
2, 1143047
List the prime factors of 719703.
3, 79967
List the prime factors of 3981962.
2, 1990981
What are the prime factors of 1514798?
2, 101, 7499
What are the prime factors of 258030?
2, 3, 5, 47, 61
What are the prime factors of 15451868?
2, 257, 15031
What are the prime factors of 104161?
104161
What are the prime factors of 916543?
113, 8111
List the prime factors of 149080.
2, 5, 3727
What are the prime factors of 141948?
2, 3, 3943
What are the prime factors of 216143?
331, 653
List the prime factors of 5050572.
2, 3, 89, 4729
List the prime factors of 9364676.
2, 53, 163, 271
What are the prime factors of 702410?
2, 5, 70241
List the prime factors of 13989351.
3, 17, 274301
What are the prime factors of 309990?
2, 3, 5, 10333
What are the prime factors of 159305?
5, 151, 211
List the prime factors of 2804806.
2, 73, 19211
List the prime factors of 15735295.
5, 101, 31159
List the prime factors of 5434951.
17, 31, 10313
List the prime factors of 12633751.
13, 467, 2081
List the prime factors of 392914.
2, 71, 2767
What are the prime factors of 36608946?
2, 3, 11, 157, 3533
List the prime factors of 898390.
2, 5, 89839
What are the prime factors of 116521?
109, 1069
List the prime factors of 35331004.
2, 37, 238723
List the prime factors of 1316633.
17, 41, 1889
List the prime factors of 419002.
2, 383, 547
What are the prime factors of 27900472?
2, 23, 53, 2861
What are the prime factors of 418472?
2, 17, 181
List the prime factors of 109485.
3, 5, 811
What are the prime factors of 947609?
13, 72893
List the prime factors of 339107.
339107
List the prime factors of 